s divided by 9?
6
What is the remainder when 265 is divided by 7?
6
Calculate the remainder when 118 is divided by 35.
13
What is the remainder when 238 is divided by 115?
8
What is the remainder when 425 is divided by 139?
8
Calculate the remainder when 12874 is divided by 3.
1
What is the remainder when 582 is divided by 13?
10
What is the remainder when 56 is divided by 8?
0
What is the remainder when 1191 is divided by 46?
41
Calculate the remainder when 546 is divided by 177.
15
Calculate the remainder when 7108 is divided by 18.
16
What is the remainder when 3194 is divided by 15?
14
Calculate the remainder when 960 is divided by 193.
188
Calculate the remainder when 459 is divided by 42.
39
What is the remainder when 335 is divided by 18?
11
What is the remainder when 260 is divided by 33?
29
Calculate the remainder when 1682 is divided by 276.
26
Calculate the remainder when 344 is divided by 190.
154
What is the remainder when 145 is divided by 35?
5
Calculate the remainder when 77 is divided by 9.
5
Calculate the remainder when 519 is divided by 52.
51
Calculate the remainder when 715 is divided by 366.
349
What is the remainder when 129 is divided by 28?
17
Calculate the remainder when 151 is divided by 14.
11
What is the remainder when 559 is divided by 94?
89
Calculate the remainder when 55 is divided by 15.
10
Calculate the remainder when 356 is divided by 25.
6
What is the remainder when 2923 is divided by 14?
11
Calculate the remainder when 733 is divided by 68.
53
What is the remainder when 1757 is divided by 195?
2
What is the remainder when 1490 is divided by 369?
14
Calculate the remainder when 66 is divided by 18.
12
Calculate the remainder when 2428 is divided by 17.
14
What is the remainder when 435 is divided by 20?
15
What is the remainder when 465 is divided by 111?
21
Calculate the remainder when 1988 is divided by 13.
12
Calculate the remainder when 123 is divided by 13.
6
Calculate the remainder when 577 is divided by 74.
59
What is the remainder when 342 is divided by 107?
21
Calculate the remainder when 2773 is divided by 31.
14
Calculate the remainder when 6162 is divided by 40.
2
Calculate the remainder when 178 is divided by 14.
10
Calculate the remainder when 2014 is divided by 202.
196
Calculate the remainder when 1578 is divided by 429.
291
What is the remainder when 132 is divided by 31?
8
What is the remainder when 52 is divided by 38?
14
What is the remainder when 131 is divided by 11?
10
Calculate the remainder when 374 is divided by 8.
6
Calculate the remainder when 109 is divided by 10.
9
Calculate the remainder when 13402 is divided by 4463.
13
Calculate the remainder when 8139 is divided by 59.
56
What is the remainder when 201 is divided by 14?
5
Calculate the remainder when 500 is divided by 30.
20
Calculate the remainder when 135 is divided by 42.
9
What is the remainder when 98 is divided by 77?
21
Calculate the remainder when 50 is divided by 20.
10
What is the remainder when 1421 is divided by 203?
0
What is the remainder when 1254 is divided by 42?
36
Calculate the remainder when 1602 is divided by 109.
76
Calculate the remainder when 968 is divided by 17.
16
Calculate the remainder when 2295 is divided by 2.
1
Calculate the remainder when 3742 is divided by 24.
22
What is the remainder when 633 is divided by 6?
3
Calculate the remainder when 249 is divided by 67.
48
What is the remainder when 273 is divided by 36?
21
What is the remainder when 10185 is divided by 36?
33
Calculate the remainder when 272 is divided by 86.
14
Calculate the remainder when 69 is divided by 31.
7
Calculate the remainder when 67 is divided by 52.
15
Calculate the remainder when 36 is divided by 20.
16
What is the remainder when 89 is divided by 47?
42
Calculate the remainder when 60 is divided by 52.
8
Calculate the remainder when 333 is divided by 24.
21
Calculate the remainder when 30 is divided by 8.
6
What is the remainder when 11608 is divided by 13?
12
Calculate the remainder when 131 is divided by 13.
1
Calculate the remainder when 802 is divided by 382.
38
What is the remainder when 239 is divided by 20?
19
What is the remainder when 1517 is divided by 40?
37
What is the remainder when 4031 is divided by 15?
11
Calculate the remainder when 5345 is divided by 81.
80
What is the remainder when 1860 is divided by 71?
14
Calculate the remainder when 70 is divided by 22.
4
What is the remainder when 1410 is divided by 702?
6
Calculate the remainder when 541 is divided by 87.
19
Calculate the remainder when 305 is divided by 11.
8
Calculate the remainder when 63 is divided by 13.
11
Calculate the remainder when 329 is divided by 165.
164
What is the remainder when 217 is divided by 56?
49
What is the remainder when 8906 is divided by 4453?
0
What is the remainder when 1281 is divided by 117?
111
Calculate the remainder when 59 is divided by 13.
7
What is the remainder when 306 is divided by 66?
42
What is the remainder when 2847 is divided by 150?
147
What is the remainder when 2637 is divided by 380?
357
What is the remainder when 87 is divided by 14?
3
What is the remainder when 294 is divided by 3?
0
Calculate the remainder when 264 is divided by 120.
24
What is the remainder when 4379 is divided by 33?
23
Calculate the remainder when 468 is divided by 154.
6
What is the remainder when 2517 is divided by 110?
97
What is the remainder when 391 is divided by 79?
75
What is the remainder when 999 is divided by 332?
3
Calculate the remainder when 1374 is divided by 172.
170
What is the remainder when 2833 is divided by 13?
12
Calculate the remainder when 1101 is divided by 210.
51
Calculate the remainder when 55 is divided by 26.
3
Calculate the remainder when 3357 is divided by 80.
77
What is the remainder when 404 is divided by 15?
14
What is the remainder when 584 is divided by 45?
44
Calculate the remainder when 716 is divided by 26.
14
Calculate the remainder when 597 is divided by 23.
22
Calculate the remainder when 278 is divided by 4.
2
What is the remainder when 220 is divided by 60?
40
What is the remainder when 67 is divided by 18?
13
Calculate the remainder when 141 is divided by 6.
3
What is the remainder when 164 is divided by 15?
14
What is the remainder when 132 is divided by 30?
12
Calculate the remainder when 330 is divided by 101.
27
What is the remainder when 4072 is divided by 194?
192
Calculate the remainder when 121 is divided by 30.
1
Calculate the remainder when 3917 is divided by 56.
53
What is the remainder when 5638 is divided by 8?
6
What is the remainder when 284 is divided by 59?
48
Calculate the remainder when 160 is divided by 54.
52
What is the remainder when 13905 is divided by 65?
60
What is the remainder when 166 is divided by 21?
19
What is the remainder when 221 is divided by 28?
25
What is the remainder when 249 is divided by 96?
57
What is the remainder when 74 is divided by 26?
22
Calculate the remainder when 324 is divided by 106.
6
What is the remainder when 466 is divided by 299?
167
What is the remainder when 1214 is divided by 58?
54
Calculate the remainder when 375 is divided by 36.
15
Calculate the remainder when 98577 is divided by 46.
45
What is the remainder when 99 is divided by 88?
11
What is the remainder when 206 is divided by 72?
62
Calculate the remainder when 1894 is divided by 26.
22
Calculate the remainder when 176 is divided by 49.
29
What is the remainder when 458 is divided by 10?
8
What is the remainder when 438 is divided by 11?
9
Calculate the remainder when 198 is divided by 16.
6
Calculate the remainder when 35 is divided by 9.
8
What is the remainder when 381 is divided by 8?
5
What is the remainder when 611 is divided by 36?
35
Calculate the remainder when 2081 is divided by 90.
11
Calculate the remainder when 2241 is divided by 107.
101
What is the remainder when 103 is divided by 18?
13
Calculate the remainder when 584 is divided by 84.
80
What is the remainder when 179 is divided by 36?
35
Calculate the remainder when 156 is divided by 53.
50
What is the remainder when 127 is divided by 42?
1
Calculate the remainder when 1223 is divided by 606.
11
What is the remainder when 4653 is divided by 291?
288
Calculate the remainder when 567 is